p be s(5). Suppose -6 = 3*y + 4*d, -y - 17 + p = 5*d. Let m(r) = 2*r**2 - 4*r + 3 - 2*r**2 - 3*r**y + 2*r**2. Give m(-5).
-2
Let v = -6 - -10. Let b(d) = -v + 3*d - 2*d - 5*d + d**2. Determine b(4).
-4
Let m(i) = 7 + 0*i - 7 + i. What is m(-3)?
-3
Let q(f) = -f + 5. Let s be q(5). Let i(r) = r - 6. Determine i(s).
-6
Let i(v) = 2*v**2 + 3*v**2 - 4*v**2 - 3*v + 0*v**2. Determine i(5).
10
Suppose -3*c + 38 = -5*p + 6, -3*p = 12. Let n(t) = t**2 - 2*t - 2. Give n(c).
6
Let r(y) be the first derivative of y**3/3 - y**2 + 3*y - 1. Let w be r(2). Let c(m) = -m**w + 3 + 0 + 2 + m**2 + m. Determine c(0).
5
Suppose 15*c + 10 = 5*c. Suppose -4 = q - 5*v + 4, 10 = 5*v. Let h(k) = k - 4*k**2 - 5*k**2 + 5*k**q. Calculate h(c).
-5
Let f(o) be the second derivative of o**3/6 + 15*o**2/2 + 41*o. Determine f(0).
15
Let c(s) = -s**2 + 11*s + 15. Let t be c(12). Let p(j) = -2*j + j**2 + 8*j**t - 6*j**3 + 3 - 5. Calculate p(-2).
-10
Let q be (3*-3)/(-3) - -1. Suppose -2*r + 10 + 4 = 4*a, 2*a - r = 5. Let p(h) = -7*h**2 + 2*h**2 + h**a - h + 4 - h + 4*h. Calculate p(q).
-4
Let b = -8 - -5. Let p(u) be the second derivative of -u**4/12 - u**3/6 + u**2 + 2*u + 22. Determine p(b).
-4
Let r(h) = -h**3 + 3*h**2 - h - 4. Let u(p) = -p**3 - 2*p**2 + 14*p - 2. Let t be u(-5). Calculate r(t).
-7
Let m = -8 + 3. Let n(f) be the second derivative of -f**5/20 - f**4/3 + f**3/3 - 2*f**2 + 2*f. Give n(m).
11
Let y(i) = -3*i**3 + i - 1. Let k be y(1). Let m = k + 1. Let n(b) = 124*b - 2 - 377*b + 125*b + 126*b. Determine n(m).
2
Let k(o) = -o - 1. Let v be k(-4). Suppose 5*u + 2*b - 4 + 2 = 0, -v*u - 3*b = 6. Let x(p) = 2*p + 3*p - 3*p - 1 + p**u. Determine x(2).
7
Suppose 35 = -3*j + 8*j. Let u(l) = l + l + l + 4. Let v(o) = -5*o - 7. Let r(k) = j*u(k) + 4*v(k). Give r(0).
0
Let j(k) = -k**3 + k**2 - 1. Let i(x) = -5*x**3 + 5*x**2 - 4*x - 3. Let q(o) = i(o) - 6*j(o). Let t = 4 + 2. Let n be 16/t + 4/(-6). Give q(n).
-1
Let v(n) be the third derivative of -11*n**7/840 + n**6/180 - n**4/24 - n**3/6 + 2*n**2. Let m(l) be the first derivative of v(l). Determine m(1).
-10
Let w(l) = -l**2 + 6*l. Let q be w(6). Let b be -9 + (0 - q - -2). Let y(n) = -n - 8. Let i be y(b). Let t(o) = -2*o**3 - o**2 - o. Calculate t(i).
2
Let c(z) = z**3 + 5*z**2 + 3*z. Let i be -4 + 6/(-2) + 3. Give c(i).
4
Let s be ((-3)/(-5))/((-9)/(-45)*1). Let k(y) = y**3 - 2*y**2 - 3*y - 4. What is k(s)?
-4
Let a = -124 + 117. Let f(z) = 3*z - 4. Calculate f(a).
-25
Let p(y) = y**2 - 2*y - 5. Let r be ((-6)/5)/((-3)/10). Determine p(r).
3
Let w(d) = -d**3 - 10*d**2 - 10*d - 11. Let m be w(-9). Let g(y) = -y**3 - 3*y**2 + 2*y + 3. Give g(m).
-5
Let m(q) = 3*q**2 + 1. Suppose 5*v = 7*v + 3*k + 9, -7 = v + 2*k. Let n be (-4 + 7)/9*v. What is m(n)?
4
Let g(r) = r**2 - 6*r - 6. Suppose 0 = -3*x + 8 + 10. Suppose x = -q + 2*q. Determine g(q).
-6
Let v(z) = -17*z + 5. Let y(d) = 4*d - 1. Let t(o) = 9*o**3. Let h be t(-1). Let g(f) = h*y(f) - 2*v(f). Let x be g(1). Let p(a) = -a**2 - 3*a - 2. Give p(x).
-2
Suppose -b + 6 = -4*b. Let f = 5 + b. Let i(l) = -2*l - 2. Calculate i(f).
-8
Let s(x) be the third derivative of 7*x**4/24 + x**3/6 - 8*x**2. Calculate s(-1).
-6
Let j(w) = -w**2 - 3*w - 5. Let a(m) = m**2 + 5*m + 9. Let d(s) = 3*a(s) + 5*j(s). Calculate d(2).
-6
Let x be (-3)/6*(-1 - -1). Let a(p) be the second derivative of p**5/60 + p**3/6 - p**2 + 2*p. Let s(l) be the first derivative of a(l). Calculate s(x).
1
Suppose 0 = -4*o - x - 8, 2*x + 8 = -4*o - x. Let t(h) = -h**3 - 2*h**2 - 3*h - 3. Calculate t(o).
3
Let f(p) be the first derivative of p**4/4 - 4*p**3/3 + 3*p**2/2 + 17. Calculate f(4).
12
Let k = 2 - 0. Suppose 4*j + 28 = k*m, j = -2*m + 4*j + 23. Let i(u) = u - 2. Determine i(m).
2
Let i(a) = a**2 + a + 1. Let g(l) = -2*l**2 - l + 2. Suppose 4*c + 1 = 5. Let k(y) = c*i(y) + g(y). Determine k(0).
3
Suppose 4*h + h + 23 = 4*x, -13 = h + 2*x. Let c(k) = -k - 8. Determine c(h).
-1
Let i = -8 - -10. Suppose 2*t + 4*z = 5 + 9, 1 = -i*t + z. Let u(v) = -6*v. Give u(t).
-6
Let k(w) be the first derivative of 3*w - 3 - 1/3*w**3 + 1/2*w**2. What is k(0)?
3
Let f(n) = n**2 - 3*n - 1. Let q(v) = 3*v**2 - 8*v - 3. Let r(t) = 7*f(t) - 2*q(t). What is r(6)?
5
Let p(j) = -3*j**2 - 5 + 211*j - 211*j - j**3. Determine p(-4).
11
Let f be 6/(-15) + (-8)/(-20). Let u(h) = h + 11. Give u(f).
11
Let h be (-9 + 16)*(-12)/7. Let b(f) = -f**2 - 13*f - 13. Give b(h).
-1
Let c(b) = -b**2 - 3*b + 4. Let l(y) = -2*y**2 - y. Suppose -4*k = -2 - 2. Let d be l(k). Calculate c(d).
4
Suppose 5*n + 28 = 3*v, -2*v - 4*n = -5*n - 7. Let r(z) = -9*z**2 + 1. What is r(v)?
-8
Let h(r) = 3*r + 5. Let t(o) = o**3 + 3*o**2 - 5*o - 5. Let b be t(-4). Let c(w) = -1. Let d(v) = b*h(v) - 5*c(v). Give d(-2).
6
Let x(j) = 1. Let u(p) = -p. Let v(d) = -u(d) + 4*x(d). Determine v(-3).
1
Suppose r = -2*j + 9, 3*r - 2*j + 7 = -6. Let l = 27 - 24. Let z(i) = -7*i**2 + 2*i + 7. Let v(m) = -3*m**2 + m + 4. Let g(k) = l*z(k) - 5*v(k). Determine g(r).
-6
Let r(w) = -2*w**3 - 2*w**2 + w. Suppose 0 = 2*u + 2*a + 4, -1 = u - 3*a - 11. Determine r(u).
-3
Suppose 5*n - 12 - 13 = 0. Let f = -3 + n. Let l(j) = 0*j**2 + 6 - 1 - 3 + j - j**f. Determine l(0).
2
Let l(q) be the second derivative of 3*q**5/10 - q**3/3 - q**2/2 - 22*q. Calculate l(-1).
-5
Suppose -f + 3*l + 43 = 3*f, 5*f - 51 = l. Let n be ((-6)/f)/((-1)/5). Let m(a) = -a - a + 2 + n*a + 11. Calculate m(-6).
7
Suppose 3*l = 4*t - 20, -2*t + 0*l + l + 10 = 0. Let y(g) be the second derivative of 0*g**2 - 2*g - 1/12*g**4 + 0 + 1/2*g**3. What is y(t)?
-10
Let c(o) = -o**3 - o**2. Let r(d) = 5*d**3 + 11*d**2 - d + 5. Let s(v) = -6*c(v) - r(v). What is s(5)?
0
Let i = -4 - -2. Let v(g) be the third derivative of -g**5/60 + g**4/12 + 41*g**2. Give v(i).
-8
Let h(v) be the second derivative of -v**3/6 + 23*v. Determine h(-1).
1
Let u(i) = 8*i**2 - i + 14. Let o(a) = -3*a**2 - 5. Let y(j) = -11*o(j) - 4*u(j). Give y(-4).
-1
Suppose 0*s + 16 = 4*s. Let p(v) = -v**3 - 2*v**2 + 5*v. Let o(w) = w**3 + 3*w**2 - 6*w. Let m(x) = s*o(x) + 5*p(x). Let j = 5 + -3. What is m(j)?
2
Suppose -2*x + 0*x + 8 = 0, 4*a - 5*x = -40. Let q = 11 + a. Let v(l) = -l**2 + 6*l + 1. What is v(q)?
1
Let s(n) = -n**2 + 5*n + 6. Let b(v) = v - 2. Let j be b(8). Calculate s(j).
0
Let l(d) be the second derivative of -d + 3/2*d**2 + 0*d**4 + 0 + 2/3*d**3 - 1/20*d**5. Calculate l(-2).
3
Let m(i) = i**3 - 2 - i**2 + 1 - 5. Calculate m(0).
-6
Let h(w) be the third derivative of -w**4/24 + w**3/2 - 34*w**2. Calculate h(-2).
5
Let n(w) = w + 16. Let g be n(-13). Suppose -g*s + 5 = 8. Let i(a) = -8*a + 1. What is i(s)?
9
Let h(d) = d. Suppose 13 = p + 7. Calculate h(p).
6
Suppose 25 = 2*a + 3*w, -3*w + 17 = 4*a - 8*w. Let x be 98/56 + (-6)/a. Let k(g) = g**3 - 5*g**3 - 1 - 2*g**2 + 2*g - 5*g**3. Give k(x).
-10
Let i be ((-9)/(-18) + 1)*10/(-3). Let m(z) = z**3 + 6*z**2 + 3*z - 1. Determine m(i).
9
Let c be (0 - 1) + 125/5. Let q(i) = i - i**2 - 8*i**3 + 1 - 15*i**3 + c*i**3. Determine q(-1).
-2
Let r be 6*(9/(-1 - -4) - 2). Let m(u) = -u + 8. Give m(r).
2
Let x(i) be the second derivative of -i**3/3 + 7*i**2/2 - 5*i. Give x(6).
-5
Let r(a) be the second derivative of a**3/6 + a**2 + 3*a. Let p be r(6). Suppose 2*i - m = -p, 2*i = -2*i - 5*m - 30. Let d(s) = -s**2 - 6*s - 4. What is d(i)?
1
Let m(p) = p**2 + 2*p - 3. Let z be m(-3). Let x(g) = g - 5. Determine x(z).
-5
Let n(m) = -4*m. Let i(t) be the first derivative of t**2/2 - 2. Let z(x) = -7*i(x) - 2*n(x). Suppose -3*k = 2*w - 10, -4*w - 20 = -5*k - 9*w. Give z(k).
2
Let u = 4 - 2. Suppose -4*b + 2 = -2*m, 3*m - u*b + 3 = 4. Let c(i) = 12*i - 29*i - 1 + 22*i. Determine c(m).
4
Suppose f - 19 = -4*u, 18 - 46 = -5*u + 3*f. Let m(c) = c**3 + c**3 - c**3 + 5 + 2*c - 6*c**2. What is m(u)?
-10
Let f be ((-12)/14)/(4/28). Let n(q) = q - 1. Let z(d) = -d**2 - 13*d + 6. Let s(l) = 6*n(l) + z(l). Calculate s(f).
6
Let m(k) = k + 4. Let y = 13 - 27. Let j = -19 - y. What is m(j)?
-1
Let k(j) = 1 - 2*j**2 + 3 - 2 + 3*j**2 + j. Determine k(-2).
4
Let w(o) = o + 1. Let n be (-1 - 16/(-12))*0 - -2. Calculate w(n).
3
Let v be ((-2)/(-1))/((-4)/(-8)). Let i(n) be the third derivative of 0*n - 1/3*n**3 + n**2 + 0 + 1/24*n**v. Give i(5).
3
Let z(m) = -m - 4. Let q(g) = 1. Let c(o) = 3*q(o) + z(o). What is c(5)?